pose -2*s = -s - 2. Suppose -4*j = 2*k - 60, -4*j - 50 = -b*k - s*j. Does 11 divide k?
False
Let g be -2*(-2)/(-4)*-39. Suppose g = -a + 4*a. Is a a multiple of 13?
True
Let j = 0 + 2. Suppose -4*p = -j*a - 50, p = 2*p - 2*a - 14. Does 11 divide p?
False
Suppose -6*n + 50 + 28 = 0. Is n a multiple of 3?
False
Suppose 18 = -5*o + 43. Suppose -4*n - f + 51 = -231, 4*f + 363 = o*n. Is 14 a factor of n?
False
Is (-686)/(-35) - (-2)/5 a multiple of 10?
True
Let w = 96 - -32. Is w a multiple of 32?
True
Is 37 a factor of (-12)/78 - 1928/(-26)?
True
Let a(r) = 5*r**3 - r**2 + r + 1. Let o be a(-1). Suppose n = 5*w + 51, 3*n - n - 4*w - 84 = 0. Does 7 divide (1 + 3/o)*n?
False
Let m(o) = o**2 + 2*o - 1. Is m(-3) even?
True
Let a(n) = 9*n**2 + n - 7. Is 19 a factor of a(-3)?
False
Let v = -26 - -69. Is 10 a factor of v?
False
Let u = 9 + 12. Does 7 divide u?
True
Let c(d) = d**3 - 6*d**2 + 4*d + 5. Let m be c(5). Suppose m = 2*z + 139 + 89. Is 14 a factor of 4/6*z/(-2)?
False
Let h(r) = 48*r - 2. Let a be h(5). Suppose -a + 73 = -3*w. Is 18 a factor of w?
False
Let f be ((-62)/(-10))/((-4)/(-20)). Let m = f - 13. Does 6 divide m?
True
Suppose -4*u = -332 + 124. Does 4 divide u?
True
Let q be (1 + -2)*(9 - -2). Let m(h) = -2*h**3 - 12*h**2 + 17*h + 21. Let o(b) = b**3 + 6*b**2 - 9*b - 11. Let f(k) = q*o(k) - 6*m(k). Does 12 divide f(-5)?
False
Let y(i) = i**2 + 13*i - 15. Let z be y(-11). Let a = z + 66. Does 10 divide a?
False
Let u(c) = -8*c - 32. Is 8 a factor of u(-15)?
True
Let x(s) = -6*s + 3. Does 5 divide x(-2)?
True
Suppose -20 = -0*h - 5*h. Suppose l - 5*d = 13, -h*d = 2*l - 0*l - 68. Is 14 a factor of l?
True
Suppose -3*z - 4*q - 11 + 4 = 0, -5*z + 3 = 3*q. Does 9 divide (-2)/z - 498/(-18)?
True
Let i(k) = -20*k. Does 20 divide i(-6)?
True
Suppose 5*r = -3*b + 53, -4*b + 95 - 1 = -5*r. Is 7 a factor of b?
True
Let y(h) = h**2 - 3*h + 1. Let k(p) = -3*p**2 + 7*p - 2. Let z(s) = -2*k(s) - 5*y(s). Does 3 divide z(-4)?
False
Suppose 5*h + 3*w + 72 = w, 3*w = 3*h + 60. Let k(t) = 6*t - 20. Let o(n) = n - 4. Let f(m) = h*o(m) + 3*k(m). Does 6 divide f(4)?
True
Let l(z) be the first derivative of -z**4/4 + 2*z**3/3 - z**2 - 2*z + 4. Let t be l(-3). Let u = t + -13. Is u a multiple of 14?
False
Let l be (-94)/(-4) + 2/4. Let o = l - 10. Is 14 a factor of o?
True
Let t(c) be the third derivative of -c**4/24 + 2*c**3 + 6*c**2. Let x be 3*-1*-2*1. Does 6 divide t(x)?
True
Suppose 5*l + g = 20, -3*l - 3*g + 4 = -4*g. Suppose -142 = -l*n - 0*u + 4*u, -3*u = -15. Is n a multiple of 12?
False
Suppose 5*t - 130 = -2*a, 0*a - 57 = -3*t + 3*a. Is 12 a factor of t?
True
Let q = 36 + -26. Is 8 a factor of q?
False
Let r(k) = 2*k - 13. Let j be r(10). Let v = -4 + -5. Let x = j - v. Is x a multiple of 16?
True
Let x = -36 + 56. Is x a multiple of 10?
True
Let q be (-1)/3 + 26/6. Suppose 2*z = q*i - 37 - 9, 3*z - 29 = -i. Does 8 divide i?
False
Let r(t) = t**3 - 4*t**2 + 3*t + 1. Let d be r(3). Suppose 2*n = -d + 11. Suppose 0 = 2*m - n*m + 93. Is m a multiple of 10?
False
Let k(o) = 2*o**2 - 5*o + 2. Is k(3) even?
False
Let x(r) = -r - 3. Let t be x(-4). Let d(h) = 43*h**3 - 2*h**2 + 1. Does 14 divide d(t)?
True
Suppose -3*r = 5*t - 373, 5*r - 17 = 2*t - 160. Does 26 divide t?
False
Let q(c) = 12*c - 4. Is q(13) a multiple of 26?
False
Let a = 8 - 6. Let w be 4/(2 + (-2 - -1)). Suppose 0 = -4*m - 5*u + 104, -m - w*u + 78 = a*m. Is m a multiple of 13?
True
Suppose -b + 60 = -16. Is b a multiple of 20?
False
Suppose 5*m + 181 = 2*d - 20, 0 = 4*d + 4*m - 360. Is d a multiple of 31?
True
Let l = 2 - 6. Let k(u) = -3*u + 3. Let o be k(l). Suppose -2*s + 7*s - o = 0. Is 3 a factor of s?
True
Let d = 8 - 6. Suppose 2*b + 3*s + d = -1, 0 = 4*b + 5*s + 5. Suppose b = 3*x - 5 - 55. Is x a multiple of 10?
True
Suppose -l = 4*i - 21, -3*i = -3*l - 0*l + 3. Suppose -l*d + 6*d = 112. Is d a multiple of 30?
False
Does 6 divide 22/(-14)*-2*7?
False
Suppose -5*l + 31 = 6. Is 10 a factor of 97/l - (-3)/5?
True
Let b = -4 - -7. Suppose -b*a + 2*k = 2*a + 4, -3*a - k = -2. Is (11 - a)*(-1 + 2) a multiple of 8?
False
Suppose 312 = 2*j + 4*j. Let c(g) = g**2 - 2*g - 3. Let v be c(3). Suppose -3*o + j + 62 = v. Is o a multiple of 19?
True
Suppose 11 = 3*x + 5*f, 4*x + 4*f - 3*f - 26 = 0. Let w(s) = 2*s**2 - 7*s + 6. Let m be w(x). Let n = 89 - m. Is n a multiple of 17?
True
Suppose 3*n - 72 = 180. Let v = -18 + n. Does 16 divide v?
False
Let k(h) be the first derivative of h**2/2 - 14*h - 2. Let d be k(10). Is 14 a factor of 180/7 - d/14?
False
Let m be 9*28*2/(-4). Let o be -2 + m + -1 + -1. Is o/(-14) - 2/7 a multiple of 9?
True
Let h be 88/(-12)*(-9)/2. Let p = h - -14. Does 21 divide p?
False
Let h = 6 - 4. Suppose 3*l - h*t = 0, t = -l - t + 8. Let u(a) = 5*a - 1. Is 8 a factor of u(l)?
False
Let d = -10 + 73. Does 9 divide d?
True
Let c = -3 - -5. Suppose 5*p + 2*l = 170, -4*l - 59 = -c*p - 3*l. Is 16 a factor of p?
True
Suppose 0 = -j + 3, 3*m + 7 = 5*j - 8. Suppose 2*q - 6 - 6 = m. Does 6 divide q?
True
Let x(r) = -r**3 + 3*r**2 + 2*r + 4. Let s be x(3). Suppose -2*t + s = 2. Is 3 a factor of t?
False
Let h = 1 + 2. Suppose 0 = 2*u + j - 26, -u = -4*u + h*j + 48. Let o = 0 + u. Is o a multiple of 6?
False
Suppose -3*t = -u + t + 20, 28 = 5*u - 2*t. Suppose 9 - 1 = -u*y. Does 11 divide y + (2 - 15)*-1?
True
Let r(g) = -2*g + 35. Is r(-15) a multiple of 9?
False
Is -4 + 446/18 - 2/(-9) a multiple of 2?
False
Let f = 16 + 38. Does 27 divide f?
True
Suppose -2*u + 58 = -3*i, u - 5*i = -u + 54. Let o be 8/u + (-14)/(-8). Suppose -8 = 4*k, -4*v + o*k = 5*k - 46. Is 7 a factor of v?
False
Let m(k) = -k + 58. Does 22 divide m(14)?
True
Let s(t) be the first derivative of -t**4/4 - 4*t**3/3 - t**2 - 4*t - 3. Does 13 divide s(-5)?
False
Suppose 4*p - 6*p = -4*q - 32, 3*q + 3*p = -15. Let m(o) be the second derivative of -o**4/12 - 7*o**3/6 + 3*o**2 - o. Does 6 divide m(q)?
True
Let s(m) = -2*m**3 - 48*m**2 - 9*m - 36. Is 12 a factor of s(-24)?
True
Is 6 - 2/3*-6 a multiple of 7?
False
Let k = 225 - 131. Let s be -62 - (-4 + 2) - -2. Let t = k + s. Is 15 a factor of t?
False
Let k = 3 - 7. Let y(i) = -i**3 - 4*i**2 - 2*i - 6. Let v be y(k). Does 9 divide (-3 + 2)/(v/(-20))?
False
Let k(z) = 3*z**2 - 9*z + 1. Is 7 a factor of k(5)?
False
Let x(m) = 6*m**2 + 15*m - 12. Let d(q) = 3*q**2 + 8*q - 6. Let j(w) = -11*d(w) + 6*x(w). Suppose 0 = l + 1, -3*y + 15 = -3*l. Is j(y) a multiple of 25?
True
Let j = -112 - -186. Suppose -j = b - 3*b. Is b a multiple of 19?
False
Let i = 5 - 3. Suppose 0*a + 23 = -i*a - c, -61 = 4*a - 3*c. Let j = a - -28. Is 12 a factor of j?
False
Let o(m) = -m + 3. Let p be o(-3). Suppose 16 = -2*l + p*l. Suppose -l*q + 3*b + 48 = 0, 0 = 4*q - q + 3*b - 57. Is 15 a factor of q?
True
Suppose -1114 = 7*l - 3445. Is 25 a factor of l?
False
Let z(u) = u**2 - 4*u + 3. Let l be z(4). Let b(r) = 0*r - 5*r - 5*r - l. Does 17 divide b(-2)?
True
Let q(y) = 4*y**2 + 3*y - 3. Let p be q(-7). Suppose 4*n - p = 104. Does 13 divide n?
False
Let l(f) = -5*f - 10. Is 3 a factor of l(-5)?
True
Let a be 2 - (-10)/6*-3. Let w(k) = -2*k**3 - 3*k**2 + 4. Does 18 divide w(a)?
False
Suppose 3*j + j = 252. Is 10/(-6)*j/(-3) a multiple of 9?
False
Is -2 + 3/(-3) - -15 a multiple of 12?
True
Let u be 1 + 5/((-15)/18). Is 6 a factor of (-43)/(-3) - u/(-15)?
False
Let d(u) be the second derivative of 5/4*u**4 + 0 - 1/3*u**3 + u + 1/2*u**2. Does 7 divide d(1)?
True
Let k(g) = -8*g**3 - g. Let f be k(-1). Is 8 a factor of 3/1*66/f?
False
Suppose 2*g = 3*g + 9. Let n = 2 - g. Is n even?
False
Suppose 3*m - 6 = 2*m. Suppose -q - 2*q = m. Is (q/6)/(6/(-90)) a multiple of 3?
False
Let v(m) = -4*m**2 - 2*m - 2. Suppose -i = 3*q - 10, -4*i - q + 5*q - 24 = 0. Let n be v(i). Does 4 divide 8/4 + (-2 - n)?
False
Is (-2)/7 - 214/(-14) - 2 a multiple of 2?
False
Let f be 2/5 - (-807)/(-5). Let j = 276 + f. Does 33 divide j?
False
Let t(y) = 21*y**2 - 12*y + 4. Is 25 a factor of t(-3)?
False
Let b = 0 + 1. Suppose -9 = -4*f - b. Suppose f*n + j = -n + 20, -5 = -3*n + 2*j. Is n a multiple of 2?
False
Let i be (-4)/(-12) - 56/6. Let o be i/(-6)*(-8)/(-3). Suppose d = -o*d + 45. Does 9 divide d?
True
Let r(d) = -2*d + 2 - 11 - 14*d. Let h be r(-6). Suppose h = 2*k + 3*q, 6*k - 4*q = k + 252. Is 18 a factor of 